{"id":1047,"date":"2020-02-10T21:04:45","date_gmt":"2020-02-10T20:04:45","guid":{"rendered":"http:\/\/www.aromabeat.de\/?page_id=1047"},"modified":"2023-01-03T12:52:51","modified_gmt":"2023-01-03T11:52:51","slug":"aromabeat-dedataprotection","status":"publish","type":"page","link":"http:\/\/www.aromabeat.de\/?page_id=1047","title":{"rendered":"www.nils-linnebach.de\/dataprotection"},"content":{"rendered":"<hr \/>\n<p><span style=\"color: #808080;\"><strong>datenschutzerkl\u00e4rung<\/strong>:<\/span><\/p>\n<p><span style=\"color: #808080;\">die verantwortliche person f\u00fcr die datenverarbeitung dieser website ist:<\/span><\/p>\n<p><span style=\"color: #808080;\">nils linnebach<\/span><br \/>\n<span style=\"color: #808080;\"> friedhofstrasse 5<\/span><br \/>\n<span style=\"color: #808080;\"> 68542 heddesheim<\/span><\/p>\n<p><span style=\"color: #808080;\">die verantwortliche person entscheidet allein oder gemeinsam mit anderen \u00fcber zwecke und mittel jedweder verarbeitung von personenbezogenen daten (namen, kontaktdaten o. \u00e4.).<\/span><\/p>\n<p><span style=\"color: #808080;\"><strong>widerruf ihrer einwilligung zur datenverarbeitung<\/strong><\/span><br \/>\n<span style=\"color: #808080;\"> bestimmte vorg\u00e4nge der datenverarbeitung sind nur mit ihrer ausdr\u00fccklichen zustimmung m\u00f6glich. ein widerruf ihrer bereits erteilten zustimmung ist jederzeit m\u00f6glich. f\u00fcr den widerruf gen\u00fcgt eine formlose mitteilung per e-mail. eine rechtm\u00e4\u00dfigkeit der bis zum widerruf erfolgten datenverarbeitung bleibt vom widerruf unber\u00fchrt.<\/span><\/p>\n<p><span style=\"color: #808080;\"><strong>recht auf beschwerde bei der zust\u00e4ndigen aufsichtsbeh\u00f6rde<\/strong><\/span><br \/>\n<span style=\"color: #808080;\"> als betroffener steht ihnen im falle eines datenschutzrechtlichen versto\u00dfes ein beschwerderecht bei der zust\u00e4ndigen aufsichtsbeh\u00f6rde zu. zust\u00e4ndige aufsichtsbeh\u00f6rde bez\u00fcglich datenschutzrechtlicher fragen ist hier der landesdatenschutzbeauftragte des bundeslandes baden-w\u00fcrttemberg.<\/span><\/p>\n<p><span style=\"color: #808080;\"><strong>recht auf daten\u00fcbertragbarkeit<\/strong><\/span><br \/>\n<span style=\"color: #808080;\">ihnen steht das recht zu, daten, die wir auf grundlage ihrer einwilligung oder in erf\u00fcllung eines vertrags automatisiert verarbeiten, an sich oder an dritte aush\u00e4ndigen zu lassen. die bereitstellung erfolgt in einem maschinenlesbaren format. sofern sie die direkte \u00fcbertragung der daten an einen anderen verantwortlichen verlangen, erfolgt dies nur, soweit es technisch machbar ist.<\/span><\/p>\n<p><span style=\"color: #808080;\"><strong>recht auf auskunft, berichtigung, sperrung und l\u00f6schung<\/strong><\/span><br \/>\n<span style=\"color: #808080;\">sie haben jederzeit im rahmen der geltenden gesetzlichen bestimmungen das recht auf unentgeltliche auskunft \u00fcber ihre gespeicherten personenbezogenen daten, die herkunft der daten, deren empf\u00e4nger und den zweck der datenverarbeitung sowie ggf. ein recht auf berichtigung, sperrung und\/oder l\u00f6schung dieser daten.\u00a0<\/span><\/p>\n<p><span style=\"color: #808080;\"><strong>server-log-dateien<\/strong><\/span><br \/>\n<span style=\"color: #808080;\">in server-log-dateien erhebt und speichert der provider der website automatisch informationen, die ihr browser automatisiert an uns \u00fcbermittelt.\u00a0<\/span><span style=\"color: #808080;\">es findet keine zusammenf\u00fchrung dieser daten mit anderen datenquellen statt. grundlage der datenverarbeitung bildet art. 6 abs. 1 lit. b dsgvo, der die verarbeitung von daten zur erf\u00fcllung eines vertrages oder vorvertraglicher ma\u00dfnahmen gestattet.<\/span><\/p>\n<p><span style=\"color: #808080;\"><strong>kontaktformular<\/strong><\/span><br \/>\n<span style=\"color: #808080;\"> via kontaktformular \u00fcbermittelte daten werden einschlie\u00dflich ihrer kontaktdaten gespeichert, um eine anfrage bearbeiten zu k\u00f6nnen oder um f\u00fcr anschlussfragen bereitzustehen. eine weitergabe dieser daten findet <em>ohne<\/em> Ihre einwilligung <em>nicht<\/em> statt.<\/span><br \/>\n<span style=\"color: #808080;\">die verarbeitung der in das kontaktformular eingegebenen daten erfolgt ausschlie\u00dflich auf grundlage Ihrer einwilligung (art. 6 abs. 1 lit. a dsgvo). ein widerruf ihrer bereits erteilten einwilligung ist jederzeit m\u00f6glich. f\u00fcr den widerruf gen\u00fcgt eine formlose mitteilung per e-mail. die rechtm\u00e4\u00dfigkeit der bis zum widerruf erfolgten datenverarbeitungsvorg\u00e4nge bleibt vom widerruf unber\u00fchrt.<\/span><br \/>\n<span style=\"color: #808080;\">\u00fcber das kontaktformular \u00fcbermittelte daten verbleiben bei uns, bis sie uns zur l\u00f6schung derselben auffordern, ihre einwilligung zur speicherung widerrufen oder keine notwendigkeit der datenspeicherung mehr besteht. zwingende gesetzliche bestimmungen &#8211; insbesondere etwaige aufbewahrungsfristen &#8211; bleiben unber\u00fchrt.<\/span><\/p>\n<hr \/>\n<p>&nbsp;<\/p>\n","protected":false},"excerpt":{"rendered":"<p>datenschutzerkl\u00e4rung: die verantwortliche person f\u00fcr die datenverarbeitung dieser website ist: nils linnebach friedhofstrasse 5 68542 heddesheim die verantwortliche person entscheidet&hellip; <\/p>\n","protected":false},"author":7,"featured_media":0,"parent":0,"menu_order":0,"comment_status":"closed","ping_status":"closed","template":"","meta":[],"_links":{"self":[{"href":"http:\/\/www.aromabeat.de\/index.php?rest_route=\/wp\/v2\/pages\/1047"}],"collection":[{"href":"http:\/\/www.aromabeat.de\/index.php?rest_route=\/wp\/v2\/pages"}],"about":[{"href":"http:\/\/www.aromabeat.de\/index.php?rest_route=\/wp\/v2\/types\/page"}],"author":[{"embeddable":true,"href":"http:\/\/www.aromabeat.de\/index.php?rest_route=\/wp\/v2\/users\/7"}],"replies":[{"embeddable":true,"href":"http:\/\/www.aromabeat.de\/index.php?rest_route=%2Fwp%2Fv2%2Fcomments&post=1047"}],"version-history":[{"count":10,"href":"http:\/\/www.aromabeat.de\/index.php?rest_route=\/wp\/v2\/pages\/1047\/revisions"}],"predecessor-version":[{"id":1151,"href":"http:\/\/www.aromabeat.de\/index.php?rest_route=\/wp\/v2\/pages\/1047\/revisions\/1151"}],"wp:attachment":[{"href":"http:\/\/www.aromabeat.de\/index.php?rest_route=%2Fwp%2Fv2%2Fmedia&parent=1047"}],"curies":[{"name":"wp","href":"https:\/\/api.w.org\/{rel}","templated":true}]}}